base 11, what is 72 + -4?
69
In base 6, what is 5 - 250?
-241
In base 7, what is -2 - -6?
4
In base 16, what is 404a - -2?
404c
In base 3, what is 22 + 20010?
20102
In base 8, what is -2 - -47?
45
In base 4, what is 0 + -1001030?
-1001030
In base 13, what is 6 - 75?
-6c
In base 12, what is 3ab - 0?
3ab
In base 6, what is -22122 - 3?
-22125
In base 5, what is 44 + -134?
-40
In base 8, what is -24 + -364?
-410
In base 5, what is 200 - 242?
-42
In base 5, what is 1100 + -4?
1041
In base 3, what is 212012 - -2?
212021
In base 13, what is 3 + 3b0?
3b3
In base 12, what is 1b4 + a?
202
In base 4, what is 22302 + -33?
22203
In base 14, what is -1 - -a5?
a4
In base 4, what is -1030101 - -1?
-1030100
In base 11, what is -154 - 4?
-158
In base 5, what is -3 - 12030?
-12033
In base 2, what is 1101011 + -10000?
1011011
In base 8, what is -465 - -126?
-337
In base 6, what is 1553 - -3?
2000
In base 11, what is 16 - 4?
12
In base 9, what is -2 - 6514?
-6516
In base 9, what is -7 - 118?
-126
In base 16, what is c - -15?
21
In base 12, what is -7 + -333?
-33a
In base 8, what is 77 + -2?
75
In base 6, what is 4 - 231?
-223
In base 2, what is 1101101 + 111?
1110100
In base 6, what is 1 + -55?
-54
In base 15, what is -49 + 1?
-48
In base 6, what is -2544 - 4?
-2552
In base 5, what is -13 - 11?
-24
In base 10, what is 23 - -49?
72
In base 11, what is 112 + -5?
108
In base 9, what is 3128 - -4?
3133
In base 4, what is -120020 + -2?
-120022
In base 2, what is -11011101 + 101?
-11011000
In base 6, what is -20 + -214?
-234
In base 10, what is 27 - -12?
39
In base 9, what is -50 - -13?
-36
In base 4, what is 10 - 10212?
-10202
In base 3, what is -11 - 1122?
-1210
In base 4, what is 11031122 - 0?
11031122
In base 6, what is -10 - 105?
-115
In base 6, what is 0 + 53?
53
In base 13, what is -568 + -2?
-56a
In base 5, what is -20 - -1122?
1102
In base 7, what is -6 - 232?
-241
In base 16, what is 16 - -32?
48
In base 11, what is -1410 - 2?
-1412
In base 6, what is -14 - 1203?
-1221
In base 10, what is 10 - -116?
126
In base 3, what is 1010 - -100011?
101021
In base 10, what is 652 - 1?
651
In base 4, what is -3 - -110013?
110010
In base 2, what is 101 - 101000000?
-100111011
In base 4, what is -22 - 110?
-132
In base 6, what is -20 - -2?
-14
In base 9, what is -11 + -256?
-267
In base 11, what is 6a7 + 2?
6a9
In base 4, what is -1 - 1310211?
-1310212
In base 3, what is -20 - -11?
-2
In base 14, what is d + 10?
1d
In base 5, what is 1 - 434?
-433
In base 2, what is -100 - 101010?
-101110
In base 7, what is -24 - 5?
-32
In base 15, what is -161d - -4?
-1619
In base 15, what is -290 + 11?
-27e
In base 10, what is -4 + 1200?
1196
In base 4, what is -22 - -103331?
103303
In base 10, what is 326 - -7?
333
In base 12, what is ba + -1?
b9
In base 3, what is 1102 - -101122?
110001
In base 15, what is 22b - 2?
229
In base 16, what is 81 + -33?
4e
In base 9, what is 2382 + -5?
2376
In base 8, what is -4 + 37?
33
In base 12, what is 42b + 1?
430
In base 3, what is -200102022 - 1?
-200102100
In base 13, what is -2 + 86?
84
In base 5, what is 2300 + 1?
2301
In base 11, what is 1 + 56a?
570
In base 2, what is -101010 - -101011?
1
In base 11, what is -20 - -2a2?
282
In base 3, what is 11 + 11120?
11201
In base 16, what is -1 + 2b?
2a
In base 14, what is 13ac + -1?
13ab
In base 12, what is 17 + 1?
18
In base 9, what is 2 - 20?
-17
In base 12, what is 1 - 615?
-614
In base 6, what is -5 - -1011?
1002
In base 2, what is 11001 - -1101?
100110
In base 9, what is 1 + 242?
243
In base 9, what is -4 - -78?
74
In base 13, what is -15 + 10b?
c6
In base 9, what is -157 + -22?
-180
In base 2, what is 10111 - -1?
11000
In base 4, what is 102202 - -2?
102210
In base 10, what is -11909 + 2?
-11907
In base 13, what is 1a + 23?
40
In base 7, what is 6556 - -2?
6561
In base 5, what is -44 + -13?
-112
In base 3, what is -2 + -1020?
-1022
In base 6, what is -21514 - 14?
-21532
In base 8, what is 1 + 1417?
1420
In base 9, what is 1201 - -11?
1212
In base 15, what is 11 + -22?
-11
In base 4, what is 213 + 1?
220
In base 12, what is 6 + -1?
5
In base 12, what is 6 + -14?
-a
In base 16, what is 16 - 21?
-b
In base 7, what is 5 - -1322?
1330
In base 16, what is -22 - -4?
-1e
In base 7, what is 136 + -45?
61
In base 2, what is -10100010101 + -10?
-10100010111
In base 3, what is 1 + -1102?
-1101
In base 7, what is -545 + 5?
-540
In base 5, what is 2 - 342?
-340
In base 13, what is -101 + -1?
-102
In base 12, what is 3 + 11b6?
11b9
In base 10, what is 6 - 218?
-212
In base 2, what is -1 - 1010?
-1011
In base 9, what is 12 + -4?
7
In base 9, what is 3 + -507?
-504
In base 7, what is -43 + -3?
-46
In base 2, what is -1001000 - -1?
-1000111
In base 5, what is 1103 + 3?
1111
In base 15, what is 3 + 3c?
40
In base 5, what is 10 + -240?
-230
In base 6, what is 224 - -130?
354
In base 7, what is -20 - -2103?
2053
In base 14, what is 2 + dc?
100
In base 8, what is -1 - -55?
54
In base 6, what is 2 - 15?
-13
In base 14, what is -57 - -4?
-53
In base 13, what is 41 - -1b?
5c
In base 2, what is -101 - 1111110101?
-1111111010
In base 11, what is -15 - a?
-24
In base 9, what is 0 + 30?
30
In base 16, what is be + 9?
c7
In base 7, what is -2 - 550?
-552
In base 3, what is -12021 + 12?
-12002
In base 14, what is -3 - 49?
-4c
In base 3, what is -10 - -220?
210
In base 10, what is 20 - 10?
10
In base 6, what is -10300 - 3?
-10303
In base 14, what is 0 - -2bd?
2bd
In base 7, what is -3303 + 4?
-3266
In base 10, what is 0 - -498?
498
In base 6, what is -5 - -454?
445
In base 14, what is -b0 + d?
-a1
In base 11, what is -52 + 8?
-45
In base 6, what is 444 - -4?
452
In base 3, what is -1220 + -1?
-1221
In base 11, what is -8 + 295?
288
In base 12, what is 42 + -6?
38
In base 7, what is 3 + 606?
612
In base 7, what is 5 + 14522?
14530
In base 13, what is -7a + -13?
-90
In base 12, what is -225 - -3?
-222
In base 10, what is 48 + 10?
58
In base 16, what is -5 - b2?
-b7
In base 12, what is 109 + -12?
b7
In base 14, what is -3a6 - 1?
-3a7
In base 7, what is 1 + -113?
-112
In base 2, what is -1101 - -11011100?
11001111
In base 5, what is 3144 + 10?
3204
In base 6, what is -125104 - 2?
-125110
In base 5, what is -202 - 2?
-204
In base 3, what is -202 + -1222?
-2201
In base 6, what is -1423 - 23?
-1450
In base 9, what is 18 - 6?
12
In base 8, what is 1277 + 5?
1304
In base 11, what is -4 - -a5?
a1
In base 8, what is -30 - -7?
-21
In base 16, what is -78 + 6?
-72
In base 13, what is 1 - -a2?
a3
In base 4, what is 0 - 1221200?
-1221200
In base 11, what is 42 + 1?
43
In base 6, what is 4144 - 2?
4142
In base 12, what is -9 + -91?
-9a
In base 10, what is -14 - 88?
-102
In base 14, what is -6 - -21?
19
In base 5, what is -1 - 110301?
-110302
In base 14, what is 6 - -73?
79
In base 12, what is 1 + -24?
-23
In base 3, what is 11202 + -11?
11121
In base 4, what is 33232 - 30?
33202
In base 5, what is -4020 + 10?
-4010
In base 5, what is 1022 + 0?
1022
In base 6, what is 1120 + 1?
1121
In base 13, what is 14ba - 2?
14b8
In base 4, what is -101 + 131?
30
In base 5, what is 13442 - 10?
13432
In base 10, what is -4 - -144?
140
In base 5, what is 4 + -32032?
-32023
In base 10, what is 0 - -1864?
1864
In base 11, what is -a - -5?
-5
In base 7, what is -1 + 663?
662
In base 15, what is -1 + ca5?
ca4
In base 2, what is -1100111 - -1?
-1100110
In base 7, what is 6114 + 1?
6115
In base 12, what is 1296 - -1?
1297
In base 11, what is 1 - -1559?
155a
In base 15, what is -2 + -92?
-94
In base 12, what is 1 + -1608?
-1607
In base 2, what is -10 + 1111011?
1111001
In base 8, what is -10 - -147?
137
In base 3, what is 2010121 - -21?
2010212
In base 16, what is 3 + 10e?
111
In base 2, what is 1011 + 11100001?
11101100
In base 11, what is 1 - -347?
348
In base 3, what is -102011 + 2?
-102002
In base 10, what is 644 - 3?
641
In base 5, what is -22 + 14?
-3
In base 8, what is 200 + 5?
205
In base 13, what is 3 - -989?
98c
In base 5, what is 1340 - -11?
1401
In base 9, what is 0 + -86?
-86
In base 12, what is 5952 - -5?
5957
In base 13, what is -29c + -8?
-2a7
In base 13, what is -165 + 15?
-150
In base 11, what is 0 - 5796?
-5796
In base 13, what is 7 - 9?
-2
In base 2, what is 111100 - -11?
111111
In base 3, what is 12 + 1?
20
In base 4, what is -13120 + -3?
-13123